{"id":2618,"date":"2019-01-16T14:15:56","date_gmt":"2019-01-16T13:15:56","guid":{"rendered":"http:\/\/razovavlna.cz\/?page_id=2618"},"modified":"2020-12-17T13:02:54","modified_gmt":"2020-12-17T12:02:54","slug":"reference","status":"publish","type":"page","link":"https:\/\/tdoservices.cz\/index.php\/reference\/","title":{"rendered":"Reference"},"content":{"rendered":"\t\t<div data-elementor-type=\"wp-post\" data-elementor-id=\"2618\" class=\"elementor elementor-2618\">\n\t\t\t\t\t\t\t\t\t<section class=\"elementor-section elementor-top-section elementor-element elementor-element-272a87f9 elementor-section-height-min-height elementor-section-items-bottom elementor-section-boxed elementor-section-height-default\" data-id=\"272a87f9\" data-element_type=\"section\" id=\"home\" data-settings=\"{&quot;background_background&quot;:&quot;classic&quot;}\">\n\t\t\t\t\t\t\t<div class=\"elementor-background-overlay\"><\/div>\n\t\t\t\t\t\t\t<div class=\"elementor-container elementor-column-gap-extended\">\n\t\t\t\t\t<div class=\"elementor-column elementor-col-100 elementor-top-column elementor-element elementor-element-2d232630 elementor-invisible\" data-id=\"2d232630\" data-element_type=\"column\" data-settings=\"{&quot;animation&quot;:&quot;fadeIn&quot;}\">\n\t\t\t<div class=\"elementor-widget-wrap elementor-element-populated\">\n\t\t\t\t\t\t\t\t<div class=\"elementor-element elementor-element-33f07b5d elementor-widget elementor-widget-heading\" data-id=\"33f07b5d\" data-element_type=\"widget\" data-widget_type=\"heading.default\">\n\t\t\t\t<div class=\"elementor-widget-container\">\n\t\t\t<h1 class=\"elementor-heading-title elementor-size-default\">REFERENCE<\/h1>\t\t<\/div>\n\t\t\t\t<\/div>\n\t\t\t\t\t<\/div>\n\t\t<\/div>\n\t\t\t\t\t\t\t<\/div>\n\t\t<\/section>\n\t\t\t\t<section class=\"elementor-section elementor-top-section elementor-element elementor-element-8d2295c elementor-section-boxed elementor-section-height-default elementor-section-height-default\" data-id=\"8d2295c\" data-element_type=\"section\">\n\t\t\t\t\t\t<div class=\"elementor-container elementor-column-gap-default\">\n\t\t\t\t\t<div class=\"elementor-column elementor-col-100 elementor-top-column elementor-element elementor-element-9884326\" data-id=\"9884326\" data-element_type=\"column\">\n\t\t\t<div class=\"elementor-widget-wrap elementor-element-populated\">\n\t\t\t\t\t\t\t\t<div class=\"elementor-element elementor-element-fbf6e1d elementor-widget elementor-widget-heading\" data-id=\"fbf6e1d\" data-element_type=\"widget\" data-widget_type=\"heading.default\">\n\t\t\t\t<div class=\"elementor-widget-container\">\n\t\t\t<h2 class=\"elementor-heading-title elementor-size-default\">Obchodn\u00ed projekty<\/h2>\t\t<\/div>\n\t\t\t\t<\/div>\n\t\t\t\t<div class=\"elementor-element elementor-element-638a1c3 elementor-widget elementor-widget-alert\" data-id=\"638a1c3\" data-element_type=\"widget\" data-widget_type=\"alert.default\">\n\t\t\t\t<div class=\"elementor-widget-container\">\n\t\t\t\t\t<div class=\"elementor-alert elementor-alert-success\" role=\"alert\">\n\t\t\t<span class=\"elementor-alert-title\">Podnikov\u00e9 poradenstv\u00ed pro spole\u010dnosti mal\u00e9 a st\u0159edn\u00ed velikosti SME<\/span>\n\t\t\t\t\t\t\t<span class=\"elementor-alert-description\"><b> Obdob\u00ed na\u0161\u00ed participace na projektech: 2011 - 2020 <\/b><br>\nPodpora tvorby strategie, n\u00e1kladov\u00e1 anal\u00fdza a optimalizace proces\u016f, optimalizace v extern\u00edch smluvn\u00edch vztaz\u00edch a n\u00e1kupu, podpora technologick\u00fdch projekt\u016f, realizace v\u00fdstavby, dod\u00e1vka \u0159\u00eddic\u00edch i v\u00fdkonn\u00fdch specialist\u016f pro technologick\u00e9 projekty, atd.<\/span>\n\t\t\t\t\t\t\t\t<\/div>\n\t\t\t\t<\/div>\n\t\t\t\t<\/div>\n\t\t\t\t<div class=\"elementor-element elementor-element-1b5cca2 elementor-widget elementor-widget-alert\" data-id=\"1b5cca2\" data-element_type=\"widget\" data-widget_type=\"alert.default\">\n\t\t\t\t<div class=\"elementor-widget-container\">\n\t\t\t\t\t<div class=\"elementor-alert elementor-alert-success\" role=\"alert\">\n\t\t\t<span class=\"elementor-alert-title\">P\u0159\u00edprava produktov\u00e9ho i obchodn\u00edho konceptu Centra fyzioterapeutick\u00e9 p\u00e9\u010de - FYZIOklinika fyzioterapie s.r.o. <\/span>\n\t\t\t\t\t\t\t<span class=\"elementor-alert-description\"><b> Obdob\u00ed na\u0161\u00ed participace na projektu: 2011 - 2020 <\/b><br>\nV roce 2014 se stala FYZIOklinika nejv\u011bt\u0161\u00edm centrem v \u010cR pro fyzioterapeutickou l\u00e9\u010dbu v kombinaci s r\u00e1zovou vlnou a jedn\u00edm ze 3 nejv\u011bt\u0161\u00edch podobn\u00fdch center v Evrop\u011b. V roce 2017 vyhr\u00e1la FYZIOklinika presti\u017en\u00ed 1. m\u00edsto v sout\u011b\u017ei Hospod\u00e1\u0159sk\u00fdch novin - Firma roku 2017 za kraj Praha. V roce 2019 si toto centrum fyzioterapeutick\u00e9 p\u00e9\u010de st\u00e1le dr\u017e\u00ed prvenstv\u00ed ve sv\u00e9m oboru a to i ve sv\u011btov\u00e9m srovn\u00e1n\u00ed.<\/span>\n\t\t\t\t\t\t\t\t<\/div>\n\t\t\t\t<\/div>\n\t\t\t\t<\/div>\n\t\t\t\t<div class=\"elementor-element elementor-element-da168de elementor-widget elementor-widget-alert\" data-id=\"da168de\" data-element_type=\"widget\" data-widget_type=\"alert.default\">\n\t\t\t\t<div class=\"elementor-widget-container\">\n\t\t\t\t\t<div class=\"elementor-alert elementor-alert-success\" role=\"alert\">\n\t\t\t<span class=\"elementor-alert-title\">Technick\u00e1 realizace port\u00e1lu Profirecepty.cz<\/span>\n\t\t\t\t\t\t\t<span class=\"elementor-alert-description\"><b> Obdob\u00ed na\u0161\u00ed participace na projektu: 2012 - 2020 <\/b><\/span>\n\t\t\t\t\t\t\t\t<\/div>\n\t\t\t\t<\/div>\n\t\t\t\t<\/div>\n\t\t\t\t<div class=\"elementor-element elementor-element-eb01022 elementor-widget elementor-widget-alert\" data-id=\"eb01022\" data-element_type=\"widget\" data-widget_type=\"alert.default\">\n\t\t\t\t<div class=\"elementor-widget-container\">\n\t\t\t\t\t<div class=\"elementor-alert elementor-alert-success\" role=\"alert\">\n\t\t\t<span class=\"elementor-alert-title\">Realizace propriet\u00e1rn\u00edch cloud CRM syst\u00e9m\u016f dle individu\u00e1ln\u00edho zad\u00e1n\u00ed klienta<\/span>\n\t\t\t\t\t\t\t<span class=\"elementor-alert-description\"><b> Obdob\u00ed na\u0161\u00ed participace na projektu: 2012 - 2020 <\/b><br>\n Tvorba klientsk\u00e9ho \u0159e\u0161en\u00ed v oblasti slu\u017eeb. N\u00edzkon\u00e1kladov\u00e1 realizace a agiln\u00ed projektov\u00fd management. \n<\/span>\n\t\t\t\t\t\t\t\t<\/div>\n\t\t\t\t<\/div>\n\t\t\t\t<\/div>\n\t\t\t\t\t<\/div>\n\t\t<\/div>\n\t\t\t\t\t\t\t<\/div>\n\t\t<\/section>\n\t\t\t\t<section class=\"elementor-section elementor-top-section elementor-element elementor-element-f2a03c3 elementor-section-boxed elementor-section-height-default elementor-section-height-default\" data-id=\"f2a03c3\" data-element_type=\"section\">\n\t\t\t\t\t\t<div class=\"elementor-container elementor-column-gap-default\">\n\t\t\t\t\t<div class=\"elementor-column elementor-col-100 elementor-top-column elementor-element elementor-element-dba3477\" data-id=\"dba3477\" data-element_type=\"column\">\n\t\t\t<div class=\"elementor-widget-wrap elementor-element-populated\">\n\t\t\t\t\t\t\t\t<div class=\"elementor-element elementor-element-0772cc5 elementor-widget elementor-widget-heading\" data-id=\"0772cc5\" data-element_type=\"widget\" data-widget_type=\"heading.default\">\n\t\t\t\t<div class=\"elementor-widget-container\">\n\t\t\t<h2 class=\"elementor-heading-title elementor-size-default\">Technick\u00e9 projekty<\/h2>\t\t<\/div>\n\t\t\t\t<\/div>\n\t\t\t\t<div class=\"elementor-element elementor-element-0fa959a elementor-widget elementor-widget-alert\" data-id=\"0fa959a\" data-element_type=\"widget\" data-widget_type=\"alert.default\">\n\t\t\t\t<div class=\"elementor-widget-container\">\n\t\t\t\t\t<div class=\"elementor-alert elementor-alert-success\" role=\"alert\">\n\t\t\t<span class=\"elementor-alert-title\">Podpora budov\u00e1n\u00ed mnoha telekomunika\u010dn\u00edch oper\u00e1tor\u016f v Evrop\u011b - \u010cesko, Slovensko, Srbsko, Bosna-Hercegovina<\/span>\n\t\t\t\t\t\t\t<span class=\"elementor-alert-description\"><b>Obdob\u00ed na\u0161\u00ed participace na projektech: 1995 - 2020 <\/b>\nPodpora investor\u016fm. Kompletn\u00ed p\u0159\u00edprava projekt\u016f a profesion\u00e1ln\u00ed slu\u017eby. P\u0159\u00edprava architektury mobiln\u00ed r\u00e1diov\u00e9 s\u00edt\u011b, n\u00e1vrh proces\u016f, projektov\u00e9ho \u0159\u00edzen\u00ed, \u0159\u00edzen\u00ed tendr\u016f, organizace v\u00fdstavby a dal\u0161\u00ed.<\/span>\n\t\t\t\t\t\t\t\t<\/div>\n\t\t\t\t<\/div>\n\t\t\t\t<\/div>\n\t\t\t\t<div class=\"elementor-element elementor-element-7cbe00e elementor-widget elementor-widget-alert\" data-id=\"7cbe00e\" data-element_type=\"widget\" data-widget_type=\"alert.default\">\n\t\t\t\t<div class=\"elementor-widget-container\">\n\t\t\t\t\t<div class=\"elementor-alert elementor-alert-success\" role=\"alert\">\n\t\t\t<span class=\"elementor-alert-title\">Mal\u00e9 i velk\u00e9 genera\u010dn\u00ed upgrady technologi\u00ed<\/span>\n\t\t\t\t\t\t\t<span class=\"elementor-alert-description\"><b> Obdob\u00ed na\u0161\u00ed participace na projektech: 2014 - 2020 <\/b><br>\nN\u00e1vrh projektu, technick\u00fd design, koordinace projektu, pl\u00e1nov\u00e1n\u00ed a zasmluvn\u011bn\u00ed <span style=\"font-family: Roboto; font-size: 13px; font-style: normal; font-weight: 400;\">dod\u00e1vek technologie a realiza\u010dn\u00edch slu\u017eeb.<\/span><\/span>\n\t\t\t\t\t\t\t\t<\/div>\n\t\t\t\t<\/div>\n\t\t\t\t<\/div>\n\t\t\t\t<div class=\"elementor-element elementor-element-8830bbf elementor-widget elementor-widget-alert\" data-id=\"8830bbf\" data-element_type=\"widget\" data-widget_type=\"alert.default\">\n\t\t\t\t<div class=\"elementor-widget-container\">\n\t\t\t\t\t<div class=\"elementor-alert elementor-alert-success\" role=\"alert\">\n\t\t\t<span class=\"elementor-alert-title\">Technologick\u00fd redesign nap\u00e1jen\u00ed, telekomunikac\u00ed \u010desk\u00e9ho call centra<\/span>\n\t\t\t\t\t\t\t<span class=\"elementor-alert-description\"><b> Participace na projektu: 2012 <\/b><br><\/span>\n\t\t\t\t\t\t\t\t<\/div>\n\t\t\t\t<\/div>\n\t\t\t\t<\/div>\n\t\t\t\t<div class=\"elementor-element elementor-element-a31602a elementor-widget elementor-widget-alert\" data-id=\"a31602a\" data-element_type=\"widget\" data-widget_type=\"alert.default\">\n\t\t\t\t<div class=\"elementor-widget-container\">\n\t\t\t\t\t<div class=\"elementor-alert elementor-alert-success\" role=\"alert\">\n\t\t\t<span class=\"elementor-alert-title\">Telefonica a.s. Czech Republic - provozovatel telekomunika\u010dn\u00edch s\u00edt\u00ed<\/span>\n\t\t\t\t\t\t\t<span class=\"elementor-alert-description\"><b> Obdob\u00ed na\u0161\u00ed participace na projektu: 2005 - 2008 <\/b><br>\nProjektov\u00e9 \u0159\u00edzen\u00ed mnoha projekt\u016f v r\u00e1mci akvizi\u010dn\u00edho konvergen\u010dn\u00edho t\u00fdmu, kritick\u00fd mentoring procesu integrace odd\u011blen\u00ed v\u00fdstavby, n\u00e1kladov\u00e1 anal\u00fdza a optimalizace, podpora strategick\u00e9ho n\u00e1kupu, podpora technologick\u00fdch projekt\u016f, redesign proces\u016f v\u00fdstavby a pod.\n<\/span>\n\t\t\t\t\t\t\t\t<\/div>\n\t\t\t\t<\/div>\n\t\t\t\t<\/div>\n\t\t\t\t\t<\/div>\n\t\t<\/div>\n\t\t\t\t\t\t\t<\/div>\n\t\t<\/section>\n\t\t\t\t\t\t\t<\/div>\n\t\t","protected":false},"excerpt":{"rendered":"<p>REFERENCE Obchodn\u00ed projekty Podnikov\u00e9 poradenstv\u00ed pro spole\u010dnosti mal\u00e9 a st\u0159edn\u00ed velikosti SME Obdob\u00ed na\u0161\u00ed participace na projektech: 2011 &#8211; 2020 Podpora tvorby strategie, n\u00e1kladov\u00e1 anal\u00fdza a optimalizace proces\u016f, optimalizace v extern\u00edch smluvn\u00edch vztaz\u00edch a n\u00e1kupu, podpora technologick\u00fdch projekt\u016f, realizace v\u00fdstavby, dod\u00e1vka \u0159\u00eddic\u00edch i v\u00fdkonn\u00fdch specialist\u016f pro technologick\u00e9 projekty, atd. P\u0159\u00edprava produktov\u00e9ho i obchodn\u00edho konceptu Centra [&hellip;]<\/p>\n","protected":false},"author":1,"featured_media":0,"parent":0,"menu_order":0,"comment_status":"closed","ping_status":"closed","template":"elementor_header_footer","meta":{"footnotes":""},"class_list":["post-2618","page","type-page","status-publish","hentry"],"yoast_head":"<!-- This site is optimized with the Yoast SEO plugin v21.7 - https:\/\/yoast.com\/wordpress\/plugins\/seo\/ -->\n<title>Reference - TDOServices.cz<\/title>\n<meta name=\"description\" content=\"Na \u010dem na\u0161e spole\u010dnost pracuje? Pod\u00edvejte se na na\u0161e obchodn\u00ed a technick\u00e9 projekty na kter\u00fdch jsme vposledn\u00ed dob\u011b pracovali.\" \/>\n<meta name=\"robots\" content=\"index, follow, max-snippet:-1, max-image-preview:large, max-video-preview:-1\" \/>\n<link rel=\"canonical\" href=\"http:\/\/tdoservices.cz\/index.php\/reference\/\" \/>\n<meta property=\"og:locale\" content=\"cs_CZ\" \/>\n<meta property=\"og:type\" content=\"article\" \/>\n<meta property=\"og:title\" content=\"Reference - TDOServices.cz\" \/>\n<meta property=\"og:description\" content=\"Na \u010dem na\u0161e spole\u010dnost pracuje? Pod\u00edvejte se na na\u0161e obchodn\u00ed a technick\u00e9 projekty na kter\u00fdch jsme vposledn\u00ed dob\u011b pracovali.\" \/>\n<meta property=\"og:url\" content=\"http:\/\/tdoservices.cz\/index.php\/reference\/\" \/>\n<meta property=\"og:site_name\" content=\"TDOServices.cz\" \/>\n<meta property=\"article:modified_time\" content=\"2020-12-17T12:02:54+00:00\" \/>\n<meta name=\"twitter:card\" content=\"summary_large_image\" \/>\n<meta name=\"twitter:label1\" content=\"Odhadovan\u00e1 doba \u010dten\u00ed\" \/>\n\t<meta name=\"twitter:data1\" content=\"2 minuty\" \/>\n<script type=\"application\/ld+json\" class=\"yoast-schema-graph\">{\"@context\":\"https:\/\/schema.org\",\"@graph\":[{\"@type\":\"WebPage\",\"@id\":\"http:\/\/tdoservices.cz\/index.php\/reference\/\",\"url\":\"http:\/\/tdoservices.cz\/index.php\/reference\/\",\"name\":\"Reference - TDOServices.cz\",\"isPartOf\":{\"@id\":\"https:\/\/tdoservices.cz\/#website\"},\"datePublished\":\"2019-01-16T13:15:56+00:00\",\"dateModified\":\"2020-12-17T12:02:54+00:00\",\"description\":\"Na \u010dem na\u0161e spole\u010dnost pracuje? Pod\u00edvejte se na na\u0161e obchodn\u00ed a technick\u00e9 projekty na kter\u00fdch jsme vposledn\u00ed dob\u011b pracovali.\",\"breadcrumb\":{\"@id\":\"http:\/\/tdoservices.cz\/index.php\/reference\/#breadcrumb\"},\"inLanguage\":\"cs\",\"potentialAction\":[{\"@type\":\"ReadAction\",\"target\":[\"http:\/\/tdoservices.cz\/index.php\/reference\/\"]}]},{\"@type\":\"BreadcrumbList\",\"@id\":\"http:\/\/tdoservices.cz\/index.php\/reference\/#breadcrumb\",\"itemListElement\":[{\"@type\":\"ListItem\",\"position\":1,\"name\":\"Dom\u016f\",\"item\":\"https:\/\/tdoservices.cz\/\"},{\"@type\":\"ListItem\",\"position\":2,\"name\":\"Reference\"}]},{\"@type\":\"WebSite\",\"@id\":\"https:\/\/tdoservices.cz\/#website\",\"url\":\"https:\/\/tdoservices.cz\/\",\"name\":\"TDOServices.cz\",\"description\":\"TDO - technology, development, operation\",\"publisher\":{\"@id\":\"https:\/\/tdoservices.cz\/#organization\"},\"potentialAction\":[{\"@type\":\"SearchAction\",\"target\":{\"@type\":\"EntryPoint\",\"urlTemplate\":\"https:\/\/tdoservices.cz\/?s={search_term_string}\"},\"query-input\":\"required name=search_term_string\"}],\"inLanguage\":\"cs\"},{\"@type\":\"Organization\",\"@id\":\"https:\/\/tdoservices.cz\/#organization\",\"name\":\"TDO Services\",\"url\":\"https:\/\/tdoservices.cz\/\",\"logo\":{\"@type\":\"ImageObject\",\"inLanguage\":\"cs\",\"@id\":\"https:\/\/tdoservices.cz\/#\/schema\/logo\/image\/\",\"url\":\"https:\/\/tdoservices.cz\/wp-content\/uploads\/2019\/01\/TDOmodra2.png\",\"contentUrl\":\"https:\/\/tdoservices.cz\/wp-content\/uploads\/2019\/01\/TDOmodra2.png\",\"width\":1622,\"height\":341,\"caption\":\"TDO Services\"},\"image\":{\"@id\":\"https:\/\/tdoservices.cz\/#\/schema\/logo\/image\/\"}}]}<\/script>\n<!-- \/ Yoast SEO plugin. -->","yoast_head_json":{"title":"Reference - TDOServices.cz","description":"Na \u010dem na\u0161e spole\u010dnost pracuje? Pod\u00edvejte se na na\u0161e obchodn\u00ed a technick\u00e9 projekty na kter\u00fdch jsme vposledn\u00ed dob\u011b pracovali.","robots":{"index":"index","follow":"follow","max-snippet":"max-snippet:-1","max-image-preview":"max-image-preview:large","max-video-preview":"max-video-preview:-1"},"canonical":"http:\/\/tdoservices.cz\/index.php\/reference\/","og_locale":"cs_CZ","og_type":"article","og_title":"Reference - TDOServices.cz","og_description":"Na \u010dem na\u0161e spole\u010dnost pracuje? Pod\u00edvejte se na na\u0161e obchodn\u00ed a technick\u00e9 projekty na kter\u00fdch jsme vposledn\u00ed dob\u011b pracovali.","og_url":"http:\/\/tdoservices.cz\/index.php\/reference\/","og_site_name":"TDOServices.cz","article_modified_time":"2020-12-17T12:02:54+00:00","twitter_card":"summary_large_image","twitter_misc":{"Odhadovan\u00e1 doba \u010dten\u00ed":"2 minuty"},"schema":{"@context":"https:\/\/schema.org","@graph":[{"@type":"WebPage","@id":"http:\/\/tdoservices.cz\/index.php\/reference\/","url":"http:\/\/tdoservices.cz\/index.php\/reference\/","name":"Reference - TDOServices.cz","isPartOf":{"@id":"https:\/\/tdoservices.cz\/#website"},"datePublished":"2019-01-16T13:15:56+00:00","dateModified":"2020-12-17T12:02:54+00:00","description":"Na \u010dem na\u0161e spole\u010dnost pracuje? Pod\u00edvejte se na na\u0161e obchodn\u00ed a technick\u00e9 projekty na kter\u00fdch jsme vposledn\u00ed dob\u011b pracovali.","breadcrumb":{"@id":"http:\/\/tdoservices.cz\/index.php\/reference\/#breadcrumb"},"inLanguage":"cs","potentialAction":[{"@type":"ReadAction","target":["http:\/\/tdoservices.cz\/index.php\/reference\/"]}]},{"@type":"BreadcrumbList","@id":"http:\/\/tdoservices.cz\/index.php\/reference\/#breadcrumb","itemListElement":[{"@type":"ListItem","position":1,"name":"Dom\u016f","item":"https:\/\/tdoservices.cz\/"},{"@type":"ListItem","position":2,"name":"Reference"}]},{"@type":"WebSite","@id":"https:\/\/tdoservices.cz\/#website","url":"https:\/\/tdoservices.cz\/","name":"TDOServices.cz","description":"TDO - technology, development, operation","publisher":{"@id":"https:\/\/tdoservices.cz\/#organization"},"potentialAction":[{"@type":"SearchAction","target":{"@type":"EntryPoint","urlTemplate":"https:\/\/tdoservices.cz\/?s={search_term_string}"},"query-input":"required name=search_term_string"}],"inLanguage":"cs"},{"@type":"Organization","@id":"https:\/\/tdoservices.cz\/#organization","name":"TDO Services","url":"https:\/\/tdoservices.cz\/","logo":{"@type":"ImageObject","inLanguage":"cs","@id":"https:\/\/tdoservices.cz\/#\/schema\/logo\/image\/","url":"https:\/\/tdoservices.cz\/wp-content\/uploads\/2019\/01\/TDOmodra2.png","contentUrl":"https:\/\/tdoservices.cz\/wp-content\/uploads\/2019\/01\/TDOmodra2.png","width":1622,"height":341,"caption":"TDO Services"},"image":{"@id":"https:\/\/tdoservices.cz\/#\/schema\/logo\/image\/"}}]}},"_links":{"self":[{"href":"https:\/\/tdoservices.cz\/index.php\/wp-json\/wp\/v2\/pages\/2618","targetHints":{"allow":["GET"]}}],"collection":[{"href":"https:\/\/tdoservices.cz\/index.php\/wp-json\/wp\/v2\/pages"}],"about":[{"href":"https:\/\/tdoservices.cz\/index.php\/wp-json\/wp\/v2\/types\/page"}],"author":[{"embeddable":true,"href":"https:\/\/tdoservices.cz\/index.php\/wp-json\/wp\/v2\/users\/1"}],"replies":[{"embeddable":true,"href":"https:\/\/tdoservices.cz\/index.php\/wp-json\/wp\/v2\/comments?post=2618"}],"version-history":[{"count":29,"href":"https:\/\/tdoservices.cz\/index.php\/wp-json\/wp\/v2\/pages\/2618\/revisions"}],"predecessor-version":[{"id":3332,"href":"https:\/\/tdoservices.cz\/index.php\/wp-json\/wp\/v2\/pages\/2618\/revisions\/3332"}],"wp:attachment":[{"href":"https:\/\/tdoservices.cz\/index.php\/wp-json\/wp\/v2\/media?parent=2618"}],"curies":[{"name":"wp","href":"https:\/\/api.w.org\/{rel}","templated":true}]}}